is -225 - 2?
-227
In base 5, what is 243 - -101?
344
In base 16, what is -1 - 28?
-29
In base 9, what is -4 + 2476?
2472
In base 13, what is -1353 - 3?
-1356
In base 3, what is 2002 - -11?
2020
In base 12, what is 9 + -2?
7
In base 2, what is -11010 - -110101110?
110010100
In base 4, what is 2011 - -1?
2012
In base 13, what is 3 - 202?
-1cc
In base 15, what is -1 - 403?
-404
In base 6, what is 3 + 13?
20
In base 14, what is -72 + 5?
-6b
In base 3, what is -111022110 - -2?
-111022101
In base 7, what is 41 + -162?
-121
In base 2, what is -1100011111 + 10000?
-1100001111
In base 7, what is 11 + -13?
-2
In base 6, what is -2 + 15152?
15150
In base 2, what is -111 + 11100011?
11011100
In base 14, what is 12 - -3c?
50
In base 13, what is 5 + -126?
-121
In base 7, what is 12325 - 0?
12325
In base 13, what is -74 + -2?
-76
In base 12, what is -14 + -19?
-31
In base 14, what is -b9 + 0?
-b9
In base 13, what is 11 - 4?
a
In base 5, what is 0 + -2203?
-2203
In base 10, what is 0 + -97?
-97
In base 14, what is b31 - -1?
b32
In base 13, what is 94 - 1?
93
In base 8, what is -771 - -11?
-760
In base 16, what is -5 + 14?
f
In base 14, what is 0 - -27?
27
In base 13, what is 1 - -87?
88
In base 14, what is 35 + 3a?
71
In base 15, what is -1 + -16?
-17
In base 4, what is -12 - -11232?
11220
In base 6, what is 34004 + -5?
33555
In base 5, what is 34 - -200?
234
In base 3, what is 210 - 0?
210
In base 11, what is 44 + -64?
-20
In base 2, what is -11001 - -1010001?
111000
In base 4, what is 13220 - 11?
13203
In base 9, what is -21174 + 0?
-21174
In base 7, what is 63 + 44?
140
In base 12, what is 1 + -2720?
-271b
In base 14, what is 365 + -4?
361
In base 8, what is -14363 - 0?
-14363
In base 11, what is 67 - 2?
65
In base 9, what is 2 - 2?
0
In base 7, what is 13 + -32?
-16
In base 13, what is -a6c2 - 3?
-a6c5
In base 9, what is -101 + 8?
-82
In base 9, what is 107 + 12?
120
In base 15, what is -3 + -25?
-28
In base 16, what is 3d5 + 1?
3d6
In base 10, what is 31 + -14?
17
In base 7, what is 2155 - -3?
2161
In base 9, what is -28 - -116?
77
In base 11, what is -32 + 7?
-26
In base 7, what is -3 - 14655?
-14661
In base 13, what is 26 - 45?
-1c
In base 12, what is 0 - -1184?
1184
In base 6, what is 212 + -5?
203
In base 5, what is 10 + 3210?
3220
In base 11, what is 361 + -4?
358
In base 5, what is -3341 - 0?
-3341
In base 7, what is -4 + 1530?
1523
In base 8, what is -2 + -5411?
-5413
In base 15, what is e - -3?
12
In base 11, what is 4 + 26a?
273
In base 2, what is -11101111 - 101?
-11110100
In base 13, what is 11 - 4a?
-39
In base 8, what is 36 + -5?
31
In base 5, what is 30 - -13?
43
In base 12, what is 39 + 289?
306
In base 13, what is 5 - 1b22?
-1b1a
In base 4, what is -22 - 1001?
-1023
In base 8, what is 43 - 1?
42
In base 8, what is 2 - -756?
760
In base 10, what is -1 + 33?
32
In base 13, what is 718 - -18?
733
In base 3, what is 10 + -20222121?
-20222111
In base 12, what is -99a + -2?
-9a0
In base 5, what is -13 - 24?
-42
In base 15, what is 5 - 47?
-42
In base 9, what is -1454 - -10?
-1444
In base 8, what is -1 - 1047?
-1050
In base 6, what is -23 - 31?
-54
In base 3, what is 21221 + -1?
21220
In base 16, what is -5 + -61?
-66
In base 11, what is -5 - -198?
193
In base 8, what is 24566 + -2?
24564
In base 10, what is -4 - -121?
117
In base 2, what is 1011110000001 - -11?
1011110000100
In base 14, what is -8 + -27?
-31
In base 9, what is -1272 - 0?
-1272
In base 5, what is 4 - -1020?
1024
In base 13, what is -5 + -237?
-23c
In base 4, what is -20213 - -10?
-20203
In base 14, what is -1 + dcc?
dcb
In base 2, what is 100 + 1000111?
1001011
In base 11, what is -2 + -a4?
-a6
In base 10, what is -15 - 5?
-20
In base 9, what is -3 - -3888?
3885
In base 15, what is 43 + -7?
3b
In base 10, what is -1396 - -5?
-1391
In base 3, what is 1 - 1002200?
-1002122
In base 3, what is -21 + 10100121?
10100100
In base 3, what is 12 - 11210212?
-11210200
In base 15, what is -75 - 23?
-98
In base 4, what is 32 + 12?
110
In base 9, what is 4 + 1241?
1245
In base 10, what is -2 - -799?
797
In base 14, what is c2 - -6?
c8
In base 2, what is 1 - 110001101?
-110001100
In base 4, what is -10 - 13?
-23
In base 7, what is -4 + -32?
-36
In base 2, what is -11010101100 - 1?
-11010101101
In base 9, what is -1 - -407?
406
In base 11, what is 2234 - 4?
2230
In base 4, what is 1032222 + -10?
1032212
In base 2, what is -1011100100110 + -10?
-1011100101000
In base 12, what is -59 - -9?
-50
In base 11, what is -246 + 1?
-245
In base 10, what is 6151 - 4?
6147
In base 8, what is -33 - 24?
-57
In base 16, what is 3eb4 - 1?
3eb3
In base 3, what is 1111 + 111?
1222
In base 2, what is 1001 - 110111?
-101110
In base 10, what is -4572 + 2?
-4570
In base 14, what is -d - 402?
-411
In base 10, what is -1 - 18?
-19
In base 10, what is 10 + -29?
-19
In base 9, what is 166 - -5?
172
In base 12, what is -3 - 20?
-23
In base 10, what is -5 + -7?
-12
In base 14, what is -3 + d?
a
In base 7, what is -141 + -16?
-160
In base 3, what is -11 + 1001?
220
In base 8, what is -203 - 0?
-203
In base 4, what is 10313 - -12?
10331
In base 6, what is 5 + 15430?
15435
In base 16, what is -3 + 2c?
29
In base 5, what is 40 + 4?
44
In base 2, what is 100 + 101100001?
101100101
In base 2, what is 100 + 100011?
100111
In base 8, what is 570 + -1?
567
In base 13, what is -a + 3c?
32
In base 15, what is -e - 4?
-13
In base 6, what is -22254 - 3?
-22301
In base 14, what is -17 + -1?
-18
In base 11, what is -678 - -1?
-677
In base 7, what is 3221 - -5?
3226
In base 14, what is 389c + 2?
38a0
In base 2, what is -101 + -110101110?
-110110011
In base 7, what is 5 + -11?
-3
In base 14, what is 4 - 589?
-585
In base 3, what is -1 - 10011100?
-10011101
In base 4, what is 1 - -13210?
13211
In base 12, what is 4 + -3b4?
-3b0
In base 16, what is 0 + 3b?
3b
In base 3, what is -2 + 1001200?
1001121
In base 4, what is 1320 - -1?
1321
In base 16, what is -4 + 11?
d
In base 4, what is 310 + -10?
300
In base 11, what is -1501 + 2?
-14aa
In base 10, what is -6 - 196?
-202
In base 3, what is -1 - 20120?
-20121
In base 10, what is 30 - 12?
18
In base 9, what is 122 - 2?
120
In base 13, what is -2 - -70?
6b
In base 9, what is 67 - -12?
80
In base 5, what is 30302 - 1?
30301
In base 9, what is -3448 - 5?
-3454
In base 15, what is -5 + 922?
91c
In base 7, what is -13 - -61?
45
In base 12, what is 3 - 20?
-19
In base 5, what is -1 - -1210?
1204
In base 10, what is -2 + 366?
364
In base 4, what is 210312 - -2?
210320
In base 10, what is -241 + 50?
-191
In base 8, what is -537 + 2?
-535
In base 11, what is a0 + -6?
95
In base 9, what is 43 + 2?
45
In base 9, what is 728 - 2?
726
In base 9, what is -72 - -210?
127
In base 8, what is -4 - 501?
-505
In base 14, what is 4 + -7?
-3
In base 15, what is 2 + -e3?
-e1
In base 2, what is -11001001 - 1?
-11001010
In base 5, what is -1240 - -10?
-1230
In base 5, what is 4111 - 1?
4110
In base 16, what is 43f - 5?
43a
In base 6, what is -15 - -3104?
3045
In base 16, what is 106 - 7?
ff
In base 9, what is -212 - -3?
-208
In base 2, what is -10 + 11010000?
11001110
In base 12, what is 207 - 0?
207
In base 10, what is 50 + -25?
25
In base 14, what is 123 + 1?
124
In base 6, what is -11254 - -2?
-11252
In base 13, what is -136 + 0?
-136
In base 8, what is 11534 + 4?
11540
In base 16, what is 55 - 10?
45
In base 14, what is -a7d - -5?
-a78
In base 16, what is 14a - -3?
14d
In base 16, what is -2de9 + -4?
-2ded
In base 8, what is 3 + 5121?
5124
In base 12, what is 37 - 2?
35
In base 16, what is -10 + 2?
-e
In base 11, what is 533 + 3?
536
In base 2, what is 1001 - 1010110?
-1001101
In base 3, what is 111010 + -21?
110212
In base 16, what is 64 - 19?
4b
In base 10, what is -558 - -1?
-557
In base 9, what is 3 + -8288?
-8285
In base 2, what is -110001 - 101?
-110110
In base 2, what is -11011 - 1000?
-100011
In base 8, what is -7640 + -1?
-7641
In base 4, what is -11012 - -1?
-11011
In base 8, what is 34602 + 1?
34603
In base 13, what is 3 + -51?
-4b
In base 9, what is 161 + -17?
143
In base 15, what is 14 + 9?
1d
In base 11, what is 27 + 97?
113
In base 12, what is -2b + 120?
b1
In base 8, what is -371 - -22?
-347
In base 6, what is -2 + 241?
235
In base 6, what is 404 - -44?
452
In base 13, what is -32 + -13?
-45
In b